{"id":3827,"date":"2013-06-25T00:29:42","date_gmt":"2013-06-25T00:29:42","guid":{"rendered":"http:\/\/www.drogariasguanabara.com.br\/site\/?page_id=3827"},"modified":"2015-08-06T12:41:47","modified_gmt":"2015-08-06T12:41:47","slug":"nossas-lojas","status":"publish","type":"page","link":"https:\/\/www.drogariasguanabara.com.br\/?page_id=3827","title":{"rendered":"Nossas Lojas"},"content":{"rendered":"<div class=\"ait-portfolio desc-down pf-col3\"><div class=\"pf-page\"><div class=\"item clearfix\"><div class=\"image\" style=\"width: 184px;\"><a data-rel=\"group-nossaslojas\" class=\"zoom image-type\" href=\"http:\/\/www.drogariasguanabara.com.br\/site\/wp-content\/uploads\/2021\/07\/Piratininga-1.jpg\" style=\"line-height:150px; width:180px; height:150px;\"><img width=\"180\" height=\"150\" src=\"https:\/\/www.drogariasguanabara.com.br\/site\/wp-content\/themes\/halfscreen\/AIT\/Framework\/Libs\/timthumb\/timthumb.php?src=https:\/\/www.drogariasguanabara.com.br\/site\/wp-content\/uploads\/2021\/07\/Piratininga.jpg&amp;w=180&amp;h=150\" alt=\"\" \/><\/a><script class=\"image-description\" type=\"text\/template\"><\/script><h3 >Piratininga<\/h3><div class=\"portfolio-item-description\" >Av. Almirante Temandare, 2561 - Qd. 506 Lt. 387 <h5 style=\"color:#F00\">Tel.: 2611-1220 \/ 2611-0840 \/ 99710-0202 (WhatsApp)<\/h5><\/div><\/div><\/div><\/div><div class=\"pf-page\"><div class=\"item clearfix\"><div class=\"image\" style=\"width: 184px;\"><a data-rel=\"group-nossaslojas\" class=\"zoom image-type\" href=\"http:\/\/www.drogariasguanabara.com.br\/site\/wp-content\/uploads\/2019\/08\/Farmatheus.jpg\" style=\"line-height:150px; width:180px; height:150px;\"><img width=\"180\" height=\"150\" src=\"https:\/\/www.drogariasguanabara.com.br\/site\/wp-content\/themes\/halfscreen\/AIT\/Framework\/Libs\/timthumb\/timthumb.php?src=https:\/\/www.drogariasguanabara.com.br\/site\/wp-content\/uploads\/2019\/08\/Farmatheus-1024x576.jpg&amp;w=180&amp;h=150\" alt=\"\" \/><\/a><script class=\"image-description\" type=\"text\/template\"><\/script><h3 >Rio Comprido<\/h3><div class=\"portfolio-item-description\" >Rua Estrela, 47 - Loja A <h5 style=\"color:#F00\">Tel.: 4141-9616 \/ 97914-1414 (WhatsApp)<\/h5><\/div><\/div><\/div><\/div><div class=\"pf-page\"><div class=\"item clearfix\"><div class=\"image\" style=\"width: 184px;\"><a data-rel=\"group-nossaslojas\" class=\"zoom image-type\" href=\"http:\/\/www.drogariasguanabara.com.br\/site\/wp-content\/uploads\/2019\/03\/Torres-de-Oliveira-Piedade.jpg\" style=\"line-height:150px; width:180px; height:150px;\"><img width=\"180\" height=\"150\" src=\"https:\/\/www.drogariasguanabara.com.br\/site\/wp-content\/themes\/halfscreen\/AIT\/Framework\/Libs\/timthumb\/timthumb.php?src=https:\/\/www.drogariasguanabara.com.br\/site\/wp-content\/uploads\/2019\/03\/Torres-de-Oliveira-Piedade.jpg&amp;w=180&amp;h=150\" alt=\"\" \/><\/a><script class=\"image-description\" type=\"text\/template\"><\/script><h3 >Piedade<\/h3><div class=\"portfolio-item-description\" >Rua Torres de Oliveira, 69 - Loja B <h5 style=\"color:#F00\">Tel.: 2269-1000 \/ 99642-6729 (WhatsApp)<\/h5><\/div><\/div><\/div><\/div><div class=\"pf-clear\"><\/div><div class=\"pf-page\"><div class=\"item clearfix\"><div class=\"image\" style=\"width: 184px;\"><a data-rel=\"group-nossaslojas\" class=\"zoom image-type\" href=\"http:\/\/www.drogariasguanabara.com.br\/site\/wp-content\/uploads\/2018\/10\/Guanabara_Rio-das-Pedras.jpg\" style=\"line-height:150px; width:180px; height:150px;\"><img width=\"180\" height=\"150\" src=\"https:\/\/www.drogariasguanabara.com.br\/site\/wp-content\/themes\/halfscreen\/AIT\/Framework\/Libs\/timthumb\/timthumb.php?src=https:\/\/www.drogariasguanabara.com.br\/site\/wp-content\/uploads\/2018\/10\/Guanabara_Rio-das-Pedras.jpg&amp;w=180&amp;h=150\" alt=\"\" \/><\/a><script class=\"image-description\" type=\"text\/template\"><\/script><h3 >Rio das Pedras<\/h3><div class=\"portfolio-item-description\" >Av. Areinha, 520 - Rio das Pedras\n<h5 style=\"color:#F00\">3415-3530 \/ 97251-5914 (WhatsApp)<\/h5>\n<\/div><\/div><\/div><\/div><div class=\"pf-page\"><div class=\"item clearfix\"><div class=\"image\" style=\"width: 184px;\"><a data-rel=\"group-nossaslojas\" class=\"zoom image-type\" href=\"http:\/\/www.drogariasguanabara.com.br\/site\/wp-content\/uploads\/2018\/11\/DROGA-TOP-1024x574.jpg\" style=\"line-height:150px; width:180px; height:150px;\"><img width=\"180\" height=\"150\" src=\"https:\/\/www.drogariasguanabara.com.br\/site\/wp-content\/themes\/halfscreen\/AIT\/Framework\/Libs\/timthumb\/timthumb.php?src=https:\/\/www.drogariasguanabara.com.br\/site\/wp-content\/uploads\/2018\/10\/DROGA-TOP-1024x574.jpg&amp;w=180&amp;h=150\" alt=\"\" \/><\/a><script class=\"image-description\" type=\"text\/template\"><\/script><h3 >Belford Roxo<\/h3><div class=\"portfolio-item-description\" >Estrada Severino Moreira de Ara\u00fajo, 88 - Loja, Pauline - Belford Roxo\n<h5 style=\"color:#F00\">3663-1515 \/ 99407-5039 (WhatsApp)<\/h5><\/div><\/div><\/div><\/div><div class=\"pf-page\"><div class=\"item clearfix\"><div class=\"image\" style=\"width: 184px;\"><a data-rel=\"group-nossaslojas\" class=\"zoom image-type\" href=\"http:\/\/www.drogariasguanabara.com.br\/site\/wp-content\/uploads\/2018\/08\/Economica-Agua-Santa.jpg\" style=\"line-height:150px; width:180px; height:150px;\"><img width=\"180\" height=\"150\" src=\"https:\/\/www.drogariasguanabara.com.br\/site\/wp-content\/themes\/halfscreen\/AIT\/Framework\/Libs\/timthumb\/timthumb.php?src=https:\/\/www.drogariasguanabara.com.br\/site\/wp-content\/uploads\/2018\/08\/Economica-Agua-Santa-1024x576.jpg&amp;w=180&amp;h=150\" alt=\"\" \/><\/a><script class=\"image-description\" type=\"text\/template\"><\/script><h3 >Engenho de Dentro<\/h3><div class=\"portfolio-item-description\" >Rua Borja Reis, 781 - Loja H\n<h5 style=\"color:#F00\">3591-6906<\/h5><\/div><\/div><\/div><\/div><div class=\"pf-clear\"><\/div><div class=\"pf-page\"><div class=\"item clearfix\"><div class=\"image\" style=\"width: 184px;\"><a data-rel=\"group-nossaslojas\" class=\"zoom image-type\" href=\"http:\/\/www.drogariasguanabara.com.br\/site\/wp-content\/uploads\/2019\/09\/Pavuna.jpg\" style=\"line-height:150px; width:180px; height:150px;\"><img width=\"180\" height=\"150\" src=\"https:\/\/www.drogariasguanabara.com.br\/site\/wp-content\/themes\/halfscreen\/AIT\/Framework\/Libs\/timthumb\/timthumb.php?src=https:\/\/www.drogariasguanabara.com.br\/site\/wp-content\/uploads\/2018\/07\/Pavuna.jpg&amp;w=180&amp;h=150\" alt=\"\" \/><\/a><script class=\"image-description\" type=\"text\/template\"><\/script><h3 >Pavuna <\/h3><div class=\"portfolio-item-description\" >Rua Coronel Moreira C\u00e9sar, 913 - Loja B\n<h5 style=\"color:#F00\">3339-4000 \/ 99132-9265 (WhatsApp)<\/h5><\/div><\/div><\/div><\/div><div class=\"pf-page\"><div class=\"item clearfix\"><div class=\"image\" style=\"width: 184px;\"><a data-rel=\"group-nossaslojas\" class=\"zoom image-type\" href=\"http:\/\/www.drogariasguanabara.com.br\/site\/wp-content\/uploads\/2018\/07\/Central-Nova-Igua\u00e7u_1.jpg\" style=\"line-height:150px; width:180px; height:150px;\"><img width=\"180\" height=\"150\" src=\"https:\/\/www.drogariasguanabara.com.br\/site\/wp-content\/themes\/halfscreen\/AIT\/Framework\/Libs\/timthumb\/timthumb.php?src=https:\/\/www.drogariasguanabara.com.br\/site\/wp-content\/uploads\/2018\/07\/Central-Nova-Igua\u00e7u_1.jpg&amp;w=180&amp;h=150\" alt=\"\" \/><\/a><script class=\"image-description\" type=\"text\/template\"><\/script><h3 >Nova Igua\u00e7u<\/h3><div class=\"portfolio-item-description\" >Rua Ot\u00e1vio Tarquino, 1180 - Nova Igua\u00e7u\n<h5 style=\"color:#F00\">2666-8000 \/ 96508-6108 (WhatsApp)<\/h5><\/div><\/div><\/div><\/div><div class=\"pf-page\"><div class=\"item clearfix\"><div class=\"image\" style=\"width: 184px;\"><a data-rel=\"group-nossaslojas\" class=\"zoom image-type\" href=\"http:\/\/www.drogariasguanabara.com.br\/site\/wp-content\/uploads\/2018\/02\/Boa-F\u00e9.jpg\" style=\"line-height:150px; width:180px; height:150px;\"><img width=\"180\" height=\"150\" src=\"https:\/\/www.drogariasguanabara.com.br\/site\/wp-content\/themes\/halfscreen\/AIT\/Framework\/Libs\/timthumb\/timthumb.php?src=https:\/\/www.drogariasguanabara.com.br\/site\/wp-content\/uploads\/2018\/02\/Boa-F\u00e9-1024x576.jpg&amp;w=180&amp;h=150\" alt=\"\" \/><\/a><script class=\"image-description\" type=\"text\/template\"><\/script><h3 >M\u00e9ier<\/h3><div class=\"portfolio-item-description\" >Rua Magalh\u00e3es Couto, 620 - Loja A\n<h5 style=\"color:#F00\">3899-8000 \/ 97265-7585 (WhatsApp)<\/h5><\/div><\/div><\/div><\/div><div class=\"pf-clear\"><\/div><div class=\"pf-page\"><div class=\"item clearfix\"><div class=\"image\" style=\"width: 184px;\"><a data-rel=\"group-nossaslojas\" class=\"zoom image-type\" href=\"http:\/\/www.drogariasguanabara.com.br\/site\/wp-content\/uploads\/2018\/02\/Destak-Vasco.jpg\" style=\"line-height:150px; width:180px; height:150px;\"><img width=\"180\" height=\"150\" src=\"https:\/\/www.drogariasguanabara.com.br\/site\/wp-content\/themes\/halfscreen\/AIT\/Framework\/Libs\/timthumb\/timthumb.php?src=https:\/\/www.drogariasguanabara.com.br\/site\/wp-content\/uploads\/2018\/02\/Destak-Vasco.jpg&amp;w=180&amp;h=150\" alt=\"\" \/><\/a><script class=\"image-description\" type=\"text\/template\"><\/script><h3 >Belford Roxo<\/h3><div class=\"portfolio-item-description\" >Av. Joaquim da Costa Lima, 10.990 - Loja - Wona\n<h5 style=\"color:#F00\">3134-4433 \/ 99337-3172 (WhatsApp)<\/h5><\/div><\/div><\/div><\/div><div class=\"pf-page\"><div class=\"item clearfix\"><div class=\"image\" style=\"width: 184px;\"><a data-rel=\"group-nossaslojas\" class=\"zoom image-type\" href=\"http:\/\/www.drogariasguanabara.com.br\/site\/wp-content\/uploads\/2020\/12\/Lider-Vicente-Carvalho.jpg\" style=\"line-height:150px; width:180px; height:150px;\"><img width=\"180\" height=\"150\" src=\"https:\/\/www.drogariasguanabara.com.br\/site\/wp-content\/themes\/halfscreen\/AIT\/Framework\/Libs\/timthumb\/timthumb.php?src=https:\/\/www.drogariasguanabara.com.br\/site\/wp-content\/uploads\/2017\/09\/Lider-Vicente-Carvalho-1024x576.jpg&amp;w=180&amp;h=150\" alt=\"\" \/><\/a><script class=\"image-description\" type=\"text\/template\"><\/script><h3 >Vicente de Carvalho<\/h3><div class=\"portfolio-item-description\" >Av. Vicente de Carvalho, 245\n<h5 style=\"color:#F00\">Tel.: 2482-0822 \/ 2482-0930 \/ 98481-1332 (WhatsApp)<\/h5><\/div><\/div><\/div><\/div><div class=\"pf-page\"><div class=\"item clearfix\"><div class=\"image\" style=\"width: 184px;\"><a data-rel=\"group-nossaslojas\" class=\"zoom image-type\" href=\"http:\/\/www.drogariasguanabara.com.br\/site\/wp-content\/uploads\/2018\/04\/Reis-Resende.jpg\" style=\"line-height:150px; width:180px; height:150px;\"><img width=\"180\" height=\"150\" src=\"https:\/\/www.drogariasguanabara.com.br\/site\/wp-content\/themes\/halfscreen\/AIT\/Framework\/Libs\/timthumb\/timthumb.php?src=https:\/\/www.drogariasguanabara.com.br\/site\/wp-content\/uploads\/2018\/04\/Reis-Resende.jpg&amp;w=180&amp;h=150\" alt=\"\" \/><\/a><script class=\"image-description\" type=\"text\/template\"><\/script><h3 >Maric\u00e1 <\/h3><div class=\"portfolio-item-description\" >Pra\u00e7a Conselheiro Macedo Soares, 07\n<h5 style=\"color:#F00\">Tel.: 3731-3000 (WhatsApp)<\/h5><\/div><\/div><\/div><\/div><div class=\"pf-clear\"><\/div><div class=\"pf-page\"><div class=\"item clearfix\"><div class=\"image\" style=\"width: 184px;\"><a data-rel=\"group-nossaslojas\" class=\"zoom image-type\" href=\"http:\/\/www.drogariasguanabara.com.br\/site\/wp-content\/uploads\/2018\/02\/Kadoch-2.jpg\" style=\"line-height:150px; width:180px; height:150px;\"><img width=\"180\" height=\"150\" src=\"https:\/\/www.drogariasguanabara.com.br\/site\/wp-content\/themes\/halfscreen\/AIT\/Framework\/Libs\/timthumb\/timthumb.php?src=https:\/\/www.drogariasguanabara.com.br\/site\/wp-content\/uploads\/2018\/02\/Kadoch-2.jpg&amp;w=180&amp;h=150\" alt=\"\" \/><\/a><script class=\"image-description\" type=\"text\/template\"><\/script><h3 >Mesquita<\/h3><div class=\"portfolio-item-description\" >Rua Almirante Batista das Neves, 303 - Loja - Chatuba\n<h5 style=\"color:#F00\">3763-8000 \/ 96587-7354 (WhatsApp)<\/h5><\/div><\/div><\/div><\/div><div class=\"pf-page\"><div class=\"item clearfix\"><div class=\"image\" style=\"width: 184px;\"><a data-rel=\"group-nossaslojas\" class=\"zoom image-type\" href=\"http:\/\/www.drogariasguanabara.com.br\/site\/wp-content\/uploads\/2013\/12\/loja_gua_bel-roxo_manoel-sa.jpg\" style=\"line-height:150px; width:180px; height:150px;\"><img width=\"180\" height=\"150\" src=\"https:\/\/www.drogariasguanabara.com.br\/site\/wp-content\/themes\/halfscreen\/AIT\/Framework\/Libs\/timthumb\/timthumb.php?src=https:\/\/www.drogariasguanabara.com.br\/site\/wp-content\/uploads\/2013\/12\/loja_gua_bel-roxo_manoel-sa.jpg&amp;w=180&amp;h=150\" alt=\"\" \/><\/a><script class=\"image-description\" type=\"text\/template\"><\/script><h3 >Belford Roxo<\/h3><div class=\"portfolio-item-description\" >Estrada Manoel de S\u00e1 \u2013 13 LJ B - Parque Martinho\n<h5 style=\"color:#F00\">Tel.: 2781 \u2013 3176 \/ (21) 97600-3953 (WhatsApp)<\/h5><\/div><\/div><\/div><\/div><div class=\"pf-page\"><div class=\"item clearfix\"><div class=\"image\" style=\"width: 184px;\"><a data-rel=\"group-nossaslojas\" class=\"zoom image-type\" href=\"http:\/\/www.drogariasguanabara.com.br\/site\/wp-content\/uploads\/2018\/05\/Guanabara_Duque-de-Caxias-1024x768.jpg\" style=\"line-height:150px; width:180px; height:150px;\"><img width=\"180\" height=\"150\" src=\"https:\/\/www.drogariasguanabara.com.br\/site\/wp-content\/themes\/halfscreen\/AIT\/Framework\/Libs\/timthumb\/timthumb.php?src=https:\/\/www.drogariasguanabara.com.br\/site\/wp-content\/uploads\/2015\/02\/Guanabara_Duque-de-Caxias-1024x768.jpg&amp;w=180&amp;h=150\" alt=\"\" \/><\/a><script class=\"image-description\" type=\"text\/template\"><\/script><h3 >Duque de Caxias - V. do Ros\u00e1rio<\/h3><div class=\"portfolio-item-description\" >Av. General Carlos Marciano de Medeiros, 615\n<h5 style=\"color:#F00\">Tel.: 2759-4408 \/ 96691-0661 (WhatsApp)<\/h5><\/div><\/div><\/div><\/div><div class=\"pf-clear\"><\/div><div class=\"pf-page\"><div class=\"item clearfix\"><div class=\"image\" style=\"width: 184px;\"><a data-rel=\"group-nossaslojas\" class=\"zoom image-type\" href=\"http:\/\/www.drogariasguanabara.com.br\/site\/wp-content\/uploads\/2011\/12\/Linda-da-Pra\u00e7a.jpg\" style=\"line-height:150px; width:180px; height:150px;\"><img width=\"180\" height=\"150\" src=\"https:\/\/www.drogariasguanabara.com.br\/site\/wp-content\/themes\/halfscreen\/AIT\/Framework\/Libs\/timthumb\/timthumb.php?src=https:\/\/www.drogariasguanabara.com.br\/site\/wp-content\/uploads\/2011\/12\/Linda-da-Pra\u00e7a-1024x767.jpg&amp;w=180&amp;h=150\" alt=\"\" \/><\/a><script class=\"image-description\" type=\"text\/template\"><\/script><h3 >Graja\u00fa<\/h3><div class=\"portfolio-item-description\" >Pra\u00e7a Edmundo Rego, 6 Loja A\n<h5 style=\"color:#F00\">Tel.: 2577-9000 \/ 98534-4494 (WhatsApp)<\/h5><\/div><\/div><\/div><\/div><div class=\"pf-page\"><div class=\"item clearfix\"><div class=\"image\" style=\"width: 184px;\"><a data-rel=\"group-nossaslojas\" class=\"zoom image-type\" href=\"http:\/\/www.drogariasguanabara.com.br\/site\/wp-content\/uploads\/2011\/12\/Farma-Jr..jpg\" style=\"line-height:150px; width:180px; height:150px;\"><img width=\"180\" height=\"150\" src=\"https:\/\/www.drogariasguanabara.com.br\/site\/wp-content\/themes\/halfscreen\/AIT\/Framework\/Libs\/timthumb\/timthumb.php?src=https:\/\/www.drogariasguanabara.com.br\/site\/wp-content\/uploads\/2011\/12\/Farma-Jr.-1024x576.jpg&amp;w=180&amp;h=150\" alt=\"\" \/><\/a><script class=\"image-description\" type=\"text\/template\"><\/script><h3 >Iraj\u00e1<\/h3><div class=\"portfolio-item-description\" >Av. Monsenhor F\u00e9lix, 865 Loja A \n<h5 style=\"color:#F00\">Tel.: 2471-0777 \/ 98485-5825 (WhatsApp)<\/h5><\/div><\/div><\/div><\/div><div class=\"pf-page\"><div class=\"item clearfix\"><div class=\"image\" style=\"width: 184px;\"><a data-rel=\"group-nossaslojas\" class=\"zoom image-type\" href=\"http:\/\/www.drogariasguanabara.com.br\/site\/wp-content\/uploads\/2013\/07\/itanhanga1.jpg\" style=\"line-height:150px; width:180px; height:150px;\"><img width=\"180\" height=\"150\" src=\"https:\/\/www.drogariasguanabara.com.br\/site\/wp-content\/themes\/halfscreen\/AIT\/Framework\/Libs\/timthumb\/timthumb.php?src=https:\/\/www.drogariasguanabara.com.br\/site\/wp-content\/uploads\/2013\/07\/itanhanga1.jpg&amp;w=180&amp;h=150\" alt=\"\" \/><\/a><script class=\"image-description\" type=\"text\/template\"><\/script><h3 >Itanhang\u00e1<\/h3><div class=\"portfolio-item-description\" >Estr. da Barra da Tijuca, 3817\n<h5 style=\"color:#F00\">Tel.: 2493-1622 \/ 96443-9938 (WhatsApp)<\/h5><\/div><\/div><\/div><\/div><div class=\"pf-clear\"><\/div><div class=\"pf-page\"><div class=\"item clearfix\"><div class=\"image\" style=\"width: 184px;\"><a data-rel=\"group-nossaslojas\" class=\"zoom image-type\" href=\"http:\/\/www.drogariasguanabara.com.br\/site\/wp-content\/uploads\/2013\/12\/loja_gua_pr-rosario_niguacu.jpg\" style=\"line-height:150px; width:180px; height:150px;\"><img width=\"180\" height=\"150\" src=\"https:\/\/www.drogariasguanabara.com.br\/site\/wp-content\/themes\/halfscreen\/AIT\/Framework\/Libs\/timthumb\/timthumb.php?src=https:\/\/www.drogariasguanabara.com.br\/site\/wp-content\/uploads\/2013\/12\/loja_gua_pr-rosario_niguacu.jpg&amp;w=180&amp;h=150\" alt=\"\" \/><\/a><script class=\"image-description\" type=\"text\/template\"><\/script><h3 >Nova Igua\u00e7u - Pq. Ros\u00e1rio<\/h3><div class=\"portfolio-item-description\" >Estrada Dr. Pl\u00ednio Casado \u2013 2561 \u2013 Qd \u2013 9\n<h5 style=\"color:#F00\">Tel.: 2762-1864 \/ 96529-4411 (WhatsApp)<\/h5><\/div><\/div><\/div><\/div><div class=\"pf-page\"><div class=\"item clearfix\"><div class=\"image\" style=\"width: 184px;\"><a data-rel=\"group-nossaslojas\" class=\"zoom image-type\" href=\"http:\/\/www.drogariasguanabara.com.br\/site\/wp-content\/uploads\/2016\/04\/sao-goncalo_pita.jpg\" style=\"line-height:150px; width:180px; height:150px;\"><img width=\"180\" height=\"150\" src=\"https:\/\/www.drogariasguanabara.com.br\/site\/wp-content\/themes\/halfscreen\/AIT\/Framework\/Libs\/timthumb\/timthumb.php?src=https:\/\/www.drogariasguanabara.com.br\/site\/wp-content\/uploads\/2016\/04\/sao-goncalo_pita.jpg&amp;w=180&amp;h=150\" alt=\"\" \/><\/a><script class=\"image-description\" type=\"text\/template\"><\/script><h3 >S\u00e3o Gon\u00e7alo - Pita<\/h3><div class=\"portfolio-item-description\" >Rua Doutor Pio Borges, 2333\n<h5 style=\"color:#F00\">Tel.: 3703-9400 \/ 98213-9932 (WhatsApp)<\/h5><\/div><\/div><\/div><\/div><div class=\"pf-page\"><div class=\"item clearfix\"><div class=\"image\" style=\"width: 184px;\"><a data-rel=\"group-nossaslojas\" class=\"zoom image-type\" href=\"http:\/\/www.drogariasguanabara.com.br\/site\/wp-content\/uploads\/2015\/08\/Guanabara_UseFarma.jpg\" style=\"line-height:150px; width:180px; height:150px;\"><img width=\"180\" height=\"150\" src=\"https:\/\/www.drogariasguanabara.com.br\/site\/wp-content\/themes\/halfscreen\/AIT\/Framework\/Libs\/timthumb\/timthumb.php?src=https:\/\/www.drogariasguanabara.com.br\/site\/wp-content\/uploads\/2015\/08\/Guanabara_UseFarma.jpg&amp;w=180&amp;h=150\" alt=\"\" \/><\/a><script class=\"image-description\" type=\"text\/template\"><\/script><h3 >Tijuca<\/h3><div class=\"portfolio-item-description\" >Rua Conde de Bonfim, 1387 Lj A\n<h5 style=\"color:#F00\">Tel.: 2268-6627 \/ 99722-2234 (WhatsApp)<\/h5><\/div><\/div><\/div><\/div><div class=\"pf-clear\"><\/div><div class=\"pf-page\"><div class=\"item clearfix\"><div class=\"image\" style=\"width: 184px;\"><a data-rel=\"group-nossaslojas\" class=\"zoom image-type\" href=\"http:\/\/www.drogariasguanabara.com.br\/site\/wp-content\/uploads\/2016\/09\/Guanabara-Rouxinol-1024x768.jpg\" style=\"line-height:150px; width:180px; height:150px;\"><img width=\"180\" height=\"150\" src=\"https:\/\/www.drogariasguanabara.com.br\/site\/wp-content\/themes\/halfscreen\/AIT\/Framework\/Libs\/timthumb\/timthumb.php?src=https:\/\/www.drogariasguanabara.com.br\/site\/wp-content\/uploads\/2016\/09\/Guanabara-Rouxinol-1024x768.jpg&amp;w=180&amp;h=150\" alt=\"\" \/><\/a><script class=\"image-description\" type=\"text\/template\"><\/script><h3 >S\u00e3o Crist\u00f3v\u00e3o (Vasco)<\/h3><div class=\"portfolio-item-description\" >Rua Ricardo Machado, 560 Loja 1\n<h5 style=\"color:#F00\">Tel.: 2580-8000 \/ 98141-3699 (WhatsApp)<\/h5><\/div><\/div><\/div><\/div><\/div><!-- end of .ait-portfolio -->\n","protected":false},"excerpt":{"rendered":"PiratiningaAv. Almirante Temandare, 2561 - Qd. 506 Lt. 387 Tel.: 2611-1220 \/ 2611-0840 \/ 99710-0202 (WhatsApp)Rio CompridoRua Estrela, 47 - Loja A Tel.: 4141-9616 \/ 97914-1414 (WhatsApp)PiedadeRua Torres de Oliveira, 69 - Loja B Tel.: 2269-1000 \/ 99642-6729 (WhatsApp)Rio das PedrasAv. Areinha, 520 - Rio das Pedras 3415-3530 \/ 97251-5914 (WhatsApp) Belford RoxoEstrada Severino Moreira de Ara\u00fajo, 88 - Loja, Pauline - Belford Roxo 3663-1515 \/ 99407-5039 (WhatsApp)Engenho de DentroRua Borja Reis, 781 - Loja [...]","protected":false},"author":1,"featured_media":0,"parent":0,"menu_order":8,"comment_status":"open","ping_status":"closed","template":"","meta":{"spay_email":""},"_links":{"self":[{"href":"https:\/\/www.drogariasguanabara.com.br\/index.php?rest_route=\/wp\/v2\/pages\/3827"}],"collection":[{"href":"https:\/\/www.drogariasguanabara.com.br\/index.php?rest_route=\/wp\/v2\/pages"}],"about":[{"href":"https:\/\/www.drogariasguanabara.com.br\/index.php?rest_route=\/wp\/v2\/types\/page"}],"author":[{"embeddable":true,"href":"https:\/\/www.drogariasguanabara.com.br\/index.php?rest_route=\/wp\/v2\/users\/1"}],"replies":[{"embeddable":true,"href":"https:\/\/www.drogariasguanabara.com.br\/index.php?rest_route=%2Fwp%2Fv2%2Fcomments&post=3827"}],"version-history":[{"count":36,"href":"https:\/\/www.drogariasguanabara.com.br\/index.php?rest_route=\/wp\/v2\/pages\/3827\/revisions"}],"predecessor-version":[{"id":4497,"href":"https:\/\/www.drogariasguanabara.com.br\/index.php?rest_route=\/wp\/v2\/pages\/3827\/revisions\/4497"}],"wp:attachment":[{"href":"https:\/\/www.drogariasguanabara.com.br\/index.php?rest_route=%2Fwp%2Fv2%2Fmedia&parent=3827"}],"curies":[{"name":"wp","href":"https:\/\/api.w.org\/{rel}","templated":true}]}}