{"id":3914,"date":"2013-07-09T12:54:56","date_gmt":"2013-07-09T12:54:56","guid":{"rendered":"http:\/\/www.drogariasguanabara.com.br\/site\/?page_id=3914"},"modified":"2022-07-19T14:00:44","modified_gmt":"2022-07-19T14:00:44","slug":"encarte","status":"publish","type":"page","link":"https:\/\/www.drogariasguanabara.com.br\/?page_id=3914","title":{"rendered":"Encarte Guanabara"},"content":{"rendered":"[vc_row][vc_column][vc_column_text css=&#8221;.vc_custom_1491252009264{margin-bottom: 8px !important;}&#8221;]\n<h3>SUA ECONOMIA \u00c9 NOSSA SATISFA\u00c7\u00c3O!<\/h3>\n[\/vc_column_text][vc_column_text][\/vc_column_text][vc_separator][\/vc_column][\/vc_row][vc_row][vc_column][vc_column_text]<strong>Clique na imagem para abrir o Encarte Guanabara em tela inteira.<\/strong><\/p>\n<p>Confira as ofertas do nosso encarte de maneira r\u00e1pida e mantenha-se atualizado sempre, com os melhores pre\u00e7os de produtos de sa\u00fade, higiene e beleza.<\/p>\n<p><span style=\"color: #ff0000;\"><strong>Promo\u00e7\u00f5es v\u00e1lidas at\u00e9 21\/08\/2022 ou enquanto durarem os estoques.<\/strong><\/span>[\/vc_column_text][vc_column_text]<div class=\"real3dflipbook\" id=\"1\" ><\/div>[\/vc_column_text][\/vc_column][\/vc_row]\n","protected":false},"excerpt":{"rendered":"<p>[vc_row][vc_column][vc_column_text css=&#8221;.vc_custom_1491252009264{margin-bottom: 8px !important;}&#8221;] SUA ECONOMIA \u00c9 NOSSA SATISFA\u00c7\u00c3O! [\/vc_column_text][vc_column_text][\/vc_column_text][vc_separator][\/vc_column][\/vc_row][vc_row][vc_column][vc_column_text]Clique na imagem para abrir o Encarte Guanabara em tela inteira. Confira as ofertas do nosso encarte de maneira r\u00e1pida e mantenha-se atualizado sempre, com os melhores pre\u00e7os de produtos de sa\u00fade, higiene e beleza. Promo\u00e7\u00f5es v\u00e1lidas at\u00e9 21\/08\/2022 ou enquanto durarem os estoques.[\/vc_column_text][vc_column_text][\/vc_column_text][\/vc_column][\/vc_row]<\/p>\n","protected":false},"author":1,"featured_media":0,"parent":0,"menu_order":4,"comment_status":"closed","ping_status":"closed","template":"","meta":{"spay_email":""},"_links":{"self":[{"href":"https:\/\/www.drogariasguanabara.com.br\/index.php?rest_route=\/wp\/v2\/pages\/3914"}],"collection":[{"href":"https:\/\/www.drogariasguanabara.com.br\/index.php?rest_route=\/wp\/v2\/pages"}],"about":[{"href":"https:\/\/www.drogariasguanabara.com.br\/index.php?rest_route=\/wp\/v2\/types\/page"}],"author":[{"embeddable":true,"href":"https:\/\/www.drogariasguanabara.com.br\/index.php?rest_route=\/wp\/v2\/users\/1"}],"replies":[{"embeddable":true,"href":"https:\/\/www.drogariasguanabara.com.br\/index.php?rest_route=%2Fwp%2Fv2%2Fcomments&post=3914"}],"version-history":[{"count":225,"href":"https:\/\/www.drogariasguanabara.com.br\/index.php?rest_route=\/wp\/v2\/pages\/3914\/revisions"}],"predecessor-version":[{"id":7122,"href":"https:\/\/www.drogariasguanabara.com.br\/index.php?rest_route=\/wp\/v2\/pages\/3914\/revisions\/7122"}],"wp:attachment":[{"href":"https:\/\/www.drogariasguanabara.com.br\/index.php?rest_route=%2Fwp%2Fv2%2Fmedia&parent=3914"}],"curies":[{"name":"wp","href":"https:\/\/api.w.org\/{rel}","templated":true}]}}