{"id":3926,"date":"2013-07-09T13:29:12","date_gmt":"2013-07-09T13:29:12","guid":{"rendered":"http:\/\/www.drogariasguanabara.com.br\/site\/?page_id=3926"},"modified":"2019-06-05T12:50:20","modified_gmt":"2019-06-05T12:50:20","slug":"revista-guanabara","status":"publish","type":"page","link":"https:\/\/www.drogariasguanabara.com.br\/?page_id=3926","title":{"rendered":"Revista Digital Guanabara"},"content":{"rendered":"[vc_row][vc_column width=&#8221;1\/2&#8243;][vc_single_image image=&#8221;6633&#8243; img_size=&#8221;330&#215;480&#8243; style=&#8221;vc_box_rounded&#8221; onclick=&#8221;custom_link&#8221; link=&#8221;https:\/\/issuu.com\/cmn-revistascustomizadas\/docs\/01_plena-70_guanabara_issuu&#8221;][\/vc_column][vc_column width=&#8221;1\/2&#8243;][vc_column_text]\n<h6>Nossa Revista Digital traz not\u00edcias, entrevistas e variedades para sua informa\u00e7\u00e3o e lazer. Aproveite mais essa cortesia da Drogaria Guanabara para voc\u00ea.<\/h6>\n[\/vc_column_text][vc_btn title=&#8221;Revista Digital Guanabara&#8221; style=&#8221;flat&#8221; color=&#8221;primary&#8221; size=&#8221;lg&#8221; align=&#8221;left&#8221; custom_onclick=&#8221;true&#8221; link=&#8221;url:https%3A%2F%2Fissuu.com%2Fcmn-revistascustomizadas%2Fdocs%2F01_plena-70_guanabara_issuu||target:%20_blank|&#8221;][\/vc_column][\/vc_row]\n","protected":false},"excerpt":{"rendered":"<p>[vc_row][vc_column width=&#8221;1\/2&#8243;][vc_single_image image=&#8221;6633&#8243; img_size=&#8221;330&#215;480&#8243; style=&#8221;vc_box_rounded&#8221; onclick=&#8221;custom_link&#8221; link=&#8221;https:\/\/issuu.com\/cmn-revistascustomizadas\/docs\/01_plena-70_guanabara_issuu&#8221;][\/vc_column][vc_column width=&#8221;1\/2&#8243;][vc_column_text] Nossa Revista Digital traz not\u00edcias, entrevistas e variedades para sua informa\u00e7\u00e3o e lazer. Aproveite mais essa cortesia da Drogaria Guanabara para voc\u00ea. [\/vc_column_text][vc_btn title=&#8221;Revista Digital Guanabara&#8221; style=&#8221;flat&#8221; color=&#8221;primary&#8221; size=&#8221;lg&#8221; align=&#8221;left&#8221; custom_onclick=&#8221;true&#8221; link=&#8221;url:https%3A%2F%2Fissuu.com%2Fcmn-revistascustomizadas%2Fdocs%2F01_plena-70_guanabara_issuu||target:%20_blank|&#8221;][\/vc_column][\/vc_row]<\/p>\n","protected":false},"author":1,"featured_media":0,"parent":0,"menu_order":10,"comment_status":"closed","ping_status":"closed","template":"","meta":{"spay_email":""},"_links":{"self":[{"href":"https:\/\/www.drogariasguanabara.com.br\/index.php?rest_route=\/wp\/v2\/pages\/3926"}],"collection":[{"href":"https:\/\/www.drogariasguanabara.com.br\/index.php?rest_route=\/wp\/v2\/pages"}],"about":[{"href":"https:\/\/www.drogariasguanabara.com.br\/index.php?rest_route=\/wp\/v2\/types\/page"}],"author":[{"embeddable":true,"href":"https:\/\/www.drogariasguanabara.com.br\/index.php?rest_route=\/wp\/v2\/users\/1"}],"replies":[{"embeddable":true,"href":"https:\/\/www.drogariasguanabara.com.br\/index.php?rest_route=%2Fwp%2Fv2%2Fcomments&post=3926"}],"version-history":[{"count":54,"href":"https:\/\/www.drogariasguanabara.com.br\/index.php?rest_route=\/wp\/v2\/pages\/3926\/revisions"}],"predecessor-version":[{"id":6634,"href":"https:\/\/www.drogariasguanabara.com.br\/index.php?rest_route=\/wp\/v2\/pages\/3926\/revisions\/6634"}],"wp:attachment":[{"href":"https:\/\/www.drogariasguanabara.com.br\/index.php?rest_route=%2Fwp%2Fv2%2Fmedia&parent=3926"}],"curies":[{"name":"wp","href":"https:\/\/api.w.org\/{rel}","templated":true}]}}